der when 416 is divided by 236?
180
What is the remainder when 1450 is divided by 44?
42
Calculate the remainder when 584 is divided by 149.
137
Calculate the remainder when 249 is divided by 63.
60
What is the remainder when 871 is divided by 58?
1
Calculate the remainder when 75 is divided by 22.
9
What is the remainder when 143 is divided by 25?
18
Calculate the remainder when 189 is divided by 21.
0
What is the remainder when 2517 is divided by 105?
102
Calculate the remainder when 105 is divided by 12.
9
Calculate the remainder when 752 is divided by 212.
116
Calculate the remainder when 42 is divided by 12.
6
What is the remainder when 43 is divided by 13?
4
Calculate the remainder when 786 is divided by 135.
111
Calculate the remainder when 1270 is divided by 22.
16
Calculate the remainder when 373 is divided by 75.
73
What is the remainder when 186 is divided by 47?
45
What is the remainder when 250 is divided by 36?
34
Calculate the remainder when 304 is divided by 9.
7
What is the remainder when 36958 is divided by 105?
103
Calculate the remainder when 1277 is divided by 146.
109
What is the remainder when 662 is divided by 95?
92
Calculate the remainder when 519 is divided by 65.
64
What is the remainder when 291 is divided by 152?
139
Calculate the remainder when 12606 is divided by 197.
195
Calculate the remainder when 526 is divided by 8.
6
What is the remainder when 5247 is divided by 32?
31
Calculate the remainder when 60 is divided by 23.
14
What is the remainder when 1121 is divided by 94?
87
Calculate the remainder when 927 is divided by 189.
171
Calculate the remainder when 209 is divided by 10.
9
Calculate the remainder when 45216 is divided by 15071.
3
What is the remainder when 263 is divided by 135?
128
Calculate the remainder when 466 is divided by 36.
34
Calculate the remainder when 171 is divided by 48.
27
Calculate the remainder when 645 is divided by 183.
96
What is the remainder when 626 is divided by 15?
11
What is the remainder when 357 is divided by 8?
5
What is the remainder when 657 is divided by 60?
57
What is the remainder when 1288 is divided by 71?
10
Calculate the remainder when 392 is divided by 66.
62
Calculate the remainder when 108 is divided by 37.
34
Calculate the remainder when 90 is divided by 32.
26
What is the remainder when 1001 is divided by 17?
15
Calculate the remainder when 1224 is divided by 302.
16
Calculate the remainder when 342 is divided by 27.
18
Calculate the remainder when 94 is divided by 19.
18
Calculate the remainder when 28 is divided by 16.
12
What is the remainder when 88 is divided by 24?
16
What is the remainder when 284 is divided by 41?
38
Calculate the remainder when 1647 is divided by 326.
17
Calculate the remainder when 12856 is divided by 96.
88
Calculate the remainder when 15640 is divided by 33.
31
Calculate the remainder when 2125 is divided by 27.
19
Calculate the remainder when 239 is divided by 30.
29
What is the remainder when 210 is divided by 62?
24
What is the remainder when 2225 is divided by 2217?
8
What is the remainder when 6353 is divided by 18?
17
What is the remainder when 1101 is divided by 28?
9
What is the remainder when 16783 is divided by 9?
7
Calculate the remainder when 46 is divided by 26.
20
Calculate the remainder when 2030 is divided by 37.
32
Calculate the remainder when 1415 is divided by 67.
8
Calculate the remainder when 1342 is divided by 193.
184
Calculate the remainder when 461 is divided by 104.
45
What is the remainder when 1819 is divided by 7?
6
What is the remainder when 417 is divided by 203?
11
Calculate the remainder when 79 is divided by 25.
4
Calculate the remainder when 460 is divided by 246.
214
Calculate the remainder when 893 is divided by 56.
53
Calculate the remainder when 68 is divided by 8.
4
Calculate the remainder when 78 is divided by 35.
8
What is the remainder when 30 is divided by 24?
6
Calculate the remainder when 96 is divided by 53.
43
Calculate the remainder when 159 is divided by 2.
1
Calculate the remainder when 9933 is divided by 3310.
3
What is the remainder when 135 is divided by 34?
33
What is the remainder when 2303 is divided by 1144?
15
Calculate the remainder when 279 is divided by 270.
9
What is the remainder when 133 is divided by 34?
31
What is the remainder when 461 is divided by 52?
45
What is the remainder when 2424 is divided by 596?
40
Calculate the remainder when 80 is divided by 32.
16
What is the remainder when 177 is divided by 5?
2
Calculate the remainder when 9812 is divided by 161.
152
Calculate the remainder when 333 is divided by 100.
33
What is the remainder when 88 is divided by 30?
28
What is the remainder when 1451 is divided by 35?
16
Calculate the remainder when 769 is divided by 79.
58
Calculate the remainder when 214 is divided by 63.
25
Calculate the remainder when 156 is divided by 53.
50
What is the remainder when 271 is divided by 10?
1
Calculate the remainder when 113 is divided by 53.
7
Calculate the remainder when 60 is divided by 25.
10
What is the remainder when 181 is divided by 166?
15
What is the remainder when 160 is divided by 41?
37
What is the remainder when 13160 is divided by 41?
40
Calculate the remainder when 1565 is divided by 31.
15
Calculate the remainder when 242 is divided by 158.
84
What is the remainder when 167 is divided by 46?
29
What is the remainder when 3305 is divided by 74?
49
Calculate the remainder when 7559 is divided by 72.
71
What is the remainder when 19919 is divided by 240?
239
What is the remainder when 58 is divided by 22?
14
What is the remainder when 106 is divided by 55?
51
Calculate the remainder when 23 is divided by 5.
3
What is the remainder when 430 is divided by 20?
10
Calculate the remainder when 154 is divided by 44.
22
Calculate the remainder when 396 is divided by 10.
6
What is the remainder when 2367 is divided by 37?
36
Calculate the remainder when 267 is divided by 55.
47
What is the remainder when 209 is divided by 42?
41
What is the remainder when 89 is divided by 46?
43
Calculate the remainder when 134 is divided by 51.
32
What is the remainder when 104 is divided by 44?
16
What is the remainder when 196 is divided by 89?
18
What is the remainder when 277 is divided by 142?
135
Calculate the remainder when 219 is divided by 150.
69
Calculate the remainder when 270 is divided by 16.
14
Calculate the remainder when 788 is divided by 66.
62
Calculate the remainder when 131 is divided by 103.
28
Calculate the remainder when 627 is divided by 30.
27
Calculate the remainder when 104 is divided by 15.
14
Calculate the remainder when 439 is divided by 111.
106
What is the remainder when 470 is divided by 195?
80
What is the remainder when 436 is divided by 40?
36
What is the remainder when 1650 is divided by 118?
116
What is the remainder when 2055 is divided by 111?
57
What is the remainder when 692 is divided by 320?
52
Calculate the remainder when 74 is divided by 23.
5
Calculate the remainder when 1291 is divided by 400.
91
What is the remainder when 312 is divided by 21?
18
Calculate the remainder when 210 is divided by 79.
52
What is the remainder when 280 is divided by 106?
68
Calculate the remainder when 903 is divided by 294.
21
What is the remainder when 204 is divided by 8?
4
Calculate the remainder when 476 is divided by 96.
92
Calculate the remainder when 951 is divided by 83.
38
Calculate the remainder when 1048 is divided by 259.
12
What is the remainder when 830 is divided by 49?
46
Calculate the remainder when 414 is divided by 13.
11
What is the remainder when 41 is divided by 16?
9
Calculate the remainder when 334 is divided by 290.
44
Calculate the remainder when 332 is divided by 64.
12
Calculate the remainder when 323 is divided by 309.
14
Calculate the remainder when 698 is divided by 71.
59
Calculate the remainder when 958 is divided by 15.
13
Calculate the remainder when 315 is divided by 30.
15
What is the remainder when 21458 is divided by 11?
8
What is the remainder when 3910 is divided by 1954?
2
Calculate the remainder when 8749 is divided by 50.
49
What is the remainder when 903 is divided by 251?
150
What is the remainder when 1675 is divided by 82?
35
Calculate the remainder whe